mon divisor of 1 and s?
1
Let g(m) = m**2 - 12*m + 30. Let x be g(9). Suppose -3*v + 5*t = -1472, -v - x*v - 4*t = -1920. What is the greatest common divisor of v and 44?
44
Let i(n) = 8*n**2 - 6*n + 1 - 2 - n**3 + 0. Let m be i(7). Let p(k) = -13*k - 12. Let v be p(-6). What is the highest common factor of v and m?
6
Let d(z) = -z + 17. Let x be d(12). Let v be 6/x*(-2 - -17). Let o(l) = -l**3 + 6*l**2 - l + 8. Let h be o(6). Calculate the greatest common factor of v and h.
2
Let o = -445 + 683. Suppose 15*k - 34 = 14*k. What is the highest common divisor of o and k?
34
Suppose 2*m - 1096 = 466. What is the highest common divisor of 11 and m?
11
Let z be (-59 - -1) + -6 + 6. Let h = z + 82. What is the greatest common divisor of 18 and h?
6
Let y(x) be the second derivative of x**4/12 - x**3/2 + 4*x**2 + 7*x. Let r be y(-7). What is the highest common factor of 13 and r?
13
Suppose -47*s = -11*s - 1152. What is the highest common divisor of s and 864?
32
Let c(p) = 6*p**2 + 8*p - 17. Let f be c(5). Suppose -f = 7*h - 495. What is the highest common factor of h and 115?
23
Suppose 10*m - 15*m - 678 = -4*h, 348 = 2*h + 2*m. What is the highest common divisor of 387 and h?
43
Let f be -1 + 341 + 1 + -2. Suppose 0 = 6*z + f + 603. Let l be (-3)/(-3) - -3 - z. Calculate the greatest common divisor of 23 and l.
23
Suppose -24*m + 23*m + 81 = 5*t, -36 = -2*t - 4*m. What is the greatest common factor of t and 304?
16
Let z = -24 - -47. Let b = 41 - z. Calculate the highest common factor of b and 198.
18
Let z = 51 + -42. Suppose 6*o - 5*o = z. Suppose 0 = 5*f + 40 - 265. What is the greatest common factor of f and o?
9
Let m(o) = 29*o. Let a be m(1). Let f = -42 + a. Let c be f/(-39) - (-434)/3. Calculate the greatest common divisor of c and 58.
29
Let b be (-1990)/(-45) + (-2)/9. Let f(i) = i - 7. Let d(x) = 2*x + 1. Let s be d(5). Let h be f(s). Calculate the highest common factor of b and h.
4
Let x = -240 - -310. What is the greatest common factor of 350 and x?
70
Let k(z) = 11*z**2. Suppose -5*w - 2 = -3*w. Let n be k(w). Let x(a) = 17*a - 1. Let o be x(2). What is the highest common divisor of n and o?
11
Let k = 1411 - 2456. Let u = -660 - k. Calculate the greatest common factor of u and 55.
55
Suppose -l = -49 + 12. Let o be l + 0 + -3 + 2. Let p be (384/o)/((-2)/(-15)). What is the highest common divisor of 10 and p?
10
Suppose 2*o = 5*b - 1675 + 199, -5*o = -2*b + 582. What is the highest common divisor of 74 and b?
74
Suppose 24*n = 794 + 1510. What is the greatest common divisor of n and 84?
12
Let j be 16/(1*(2 + 3 + -3)). Let y be (-3)/((-36)/j*(-1)/(-51)). What is the highest common factor of y and 51?
17
Suppose 0 = 16*a - 30*a + 5208. What is the highest common factor of 12 and a?
12
Let o = 1 - 0. Let w be 1 - 5 - (-7 + 18 - 26). What is the highest common factor of o and w?
1
Suppose -2*r + 11 = 3. Suppose -3*o = 2 - 8, 2*o + r = -2*m. Let x be ((-26)/m)/(2/4). Calculate the greatest common factor of x and 104.
13
Let k(r) = -r**2 + 5*r + 3. Let p = 14 + -9. Let j be k(p). What is the highest common factor of 15 and j?
3
Let u(a) = a**3 - 6*a - 2. Let r be u(4). Calculate the highest common factor of r and 38.
38
Let v = 46 - -11. Let o be (0 - -4 - 3)*(v - 2). Calculate the greatest common divisor of 5 and o.
5
Let o(d) = d**3 - 12*d**2 + 21*d + 15. Suppose 2*h = -3*h + 55. Let v be o(h). What is the greatest common divisor of v and 50?
25
Suppose 0 = 5*h - 3*g - 189, 19 = h - 2*g - 16. Let a = -26 - -28. Let q be (-1 - -14) + 0/a. Calculate the greatest common divisor of h and q.
13
Let s = -652 - -730. What is the highest common divisor of s and 1326?
78
Suppose -174*j = -171*j - 66. What is the greatest common divisor of 176 and j?
22
Suppose -129*h = -138*h + 45. Calculate the highest common divisor of 145 and h.
5
Suppose 0 = 21*i - 19*i - 158. Let o = -13 + i. Calculate the highest common factor of 22 and o.
22
Suppose 16*k - 19*k + 2*w = -761, -245 = -k + 5*w. Calculate the highest common divisor of 105 and k.
15
Let a(t) = -t**2 + 9*t + 4. Let z be a(8). Let x = 9 - z. Let d be 104 + (3 - -1) + x. What is the highest common factor of 42 and d?
21
Let p = 486 - 374. What is the greatest common factor of p and 7?
7
Suppose 58 + 47 = 3*r. What is the highest common divisor of 7 and r?
7
Suppose 5*d - 4*g - 81 = -33, -5*d - 2*g + 66 = 0. Let h be (-8 + 5)*(-14 + 0). What is the highest common factor of h and d?
6
Let a(x) = -17*x - 346. Let p be a(-22). What is the highest common divisor of p and 42?
14
Suppose 13 = 5*q - 2*f, 0*q - 4*f + 13 = 3*q. Calculate the greatest common factor of 21 and q.
3
Let d(u) = -u**3 + 6*u**2 + 5*u - 6. Let h = -47 + 53. Let i be d(h). Calculate the highest common factor of 216 and i.
24
Let d = 1 + 3. Suppose 4*v - 68 = -2*h, d*h + 77 = 3*v + 224. What is the greatest common divisor of 12 and h?
12
Let u be (76/(-6))/((-2)/18). What is the highest common divisor of 6 and u?
6
Suppose -4*n + z + 262 = 0, -z = 3*n - 183 - 10. Let h be 209 + -168 + -15 + 0. What is the greatest common factor of h and n?
13
Let h = 622 - 248. What is the greatest common factor of 34 and h?
34
Let x = -214 - -617. What is the greatest common factor of 93 and x?
31
Let u be -284*7/(-28) - 6. Let j be (1 + (-33)/(-6))*2. Calculate the highest common divisor of u and j.
13
Suppose 18*h = 21*h - 15. Suppose -3*p + 8*p - h*w - 120 = 0, 3*p - w - 78 = 0. Calculate the highest common divisor of 54 and p.
27
Let x be 70/3 - (-1)/(-3). Let h(p) = -2*p**3 - 6*p**2 - p + 3. Let u be h(-6). Suppose 0 = -2*c + u + 281. Calculate the greatest common factor of x and c.
23
Suppose -6*q - 24 = 6*q. Let r be (-7)/((-105)/(-20))*27/q. Calculate the greatest common factor of 24 and r.
6
Let j be 1/(-7) - 4352/(-476). What is the highest common divisor of 24 and j?
3
Suppose -p + 3 = 0, 4*p - p = 4*i - 803. What is the greatest common factor of i and 7?
7
Suppose 3*a + 849 = 5*r, 0 = 5*r + 3*a - 2*a - 837. Calculate the highest common factor of r and 126.
42
Suppose d = 2*r - 1, -2*r = 2*d - 1 - 27. Let o = -50 + -22. Let v be ((-33)/4)/(6/o). Calculate the greatest common divisor of d and v.
9
Let l be 1/(-1)*(-13 + 12). Let r be (-248)/(-56) - (-6)/(-14). Suppose 56 = r*f - 3*p, -5*f + 0*p = -4*p - 71. What is the greatest common divisor of l and f?
1
Let g be (112/20)/((-6)/(-15)). Let k be (-1 + -4)*18/(-15). Let l = 20 - k. What is the highest common divisor of l and g?
14
Let d = -33 + 41. Let v(m) = -m**2 + 10*m - 7. Let l be v(d). Calculate the highest common divisor of 9 and l.
9
Suppose 0*q + 3*q = 9, -5*d + 10 = -5*q. What is the highest common factor of 95 and d?
5
Suppose 0*m - 5*m - 10 = 0. Let w be m/1*1*-4. Calculate the greatest common factor of w and 32.
8
Let a(n) = n**2 - 8*n - 16. Let g be a(-8). What is the highest common factor of g and 35?
7
Let v be 6 + -4 - (2 - 1). Suppose -v = 2*h - 31. Suppose -h - 27 = -6*u. What is the highest common factor of u and 21?
7
Let r = 106 - 66. Suppose 5*h - 1440 = -7*h. What is the greatest common divisor of h and r?
40
Suppose 26*o - 4224 = 20*o. What is the highest common factor of o and 64?
64
Suppose -d - 86 = -4*j, d + 0*d - 61 = -3*j. Let h(r) = 96*r - 164. Let v be h(2). What is the highest common factor of j and v?
7
Let y = 11 - 1. Let r = 19 - 34. Let g = r - -17. Calculate the highest common divisor of g and y.
2
Let a = 1 + 2. Calculate the highest common factor of 3 and a.
3
Suppose -4*x + 5*u + 1021 = 0, x + 18 = -u + 271. Calculate the highest common factor of 1397 and x.
127
Let g = -1643 + 1947. Calculate the greatest common factor of g and 76.
76
Suppose -8*l + 1244 = -1036. Calculate the highest common divisor of 95 and l.
95
Suppose s = -2*y - 99 + 21, y - 3*s = -32. Let b be y/(-9) - 4/18. Calculate the greatest common factor of 20 and b.
4
Let w(k) = -66*k. Let i be w(-3). Suppose -2*g - 2*g = -4*s - 92, -3*g - s + 65 = 0. What is the highest common factor of i and g?
22
Suppose 6*p - 3*p = -3*u - 3, 17 = -2*u - 5*p. Calculate the highest common factor of 28 and u.
4
Let g = 307 + -299. What is the greatest common factor of g and 128?
8
Suppose 3*p - 5*g - 27 = 0, 3*p - 6 = 2*g + 12. Suppose 3*a + 34 = p*a. Calculate the highest common divisor of 51